 (base 2) in base 7?
13432
98 (base 15) to base 14
a3
1112011 (base 3) to base 5
13421
Convert -1102122022 (base 3) to base 4.
-12320021
What is 601 (base 11) in base 2?
1011010111
What is -1794 (base 11) in base 12?
-13a1
Convert 3346 (base 13) to base 16.
1bf4
What is 46455 (base 9) in base 13?
11150
What is 67213 (base 9) in base 3?
2021020110
What is -74ba (base 14) in base 2?
-100111010111100
What is d8ea (base 16) in base 2?
1101100011101010
Convert 1131a (base 12) to base 7.
123550
29518 (base 11) to base 4
22032131
What is 742 (base 10) in base 3?
1000111
Convert 3c (base 16) to base 14.
44
What is -10066 (base 7) in base 12?
-1501
Convert 23003 (base 4) to base 13.
425
Convert -5265 (base 8) to base 2.
-101010110101
What is -120114 (base 5) in base 15?
-148e
Convert 209 (base 15) to base 4.
13023
What is 100111 (base 4) in base 3?
1102201
222012010 (base 3) to base 12
b070
What is 301 (base 6) in base 3?
11001
33002 (base 4) to base 3
1022122
Convert -5bd (base 16) to base 6.
-10445
3d0 (base 15) to base 13
51c
What is -10101011110 (base 2) in base 8?
-2536
What is -6009 (base 10) in base 16?
-1779
-24414 (base 8) to base 7
-42431
What is -97c4 (base 13) in base 5?
-1133431
What is -49d7 (base 15) in base 12?
-9127
Convert 233412 (base 5) to base 12.
4b93
What is 1123131 (base 4) in base 16?
16dd
1255 (base 11) to base 14
849
Convert 590 (base 10) to base 8.
1116
What is 102142 (base 5) in base 15?
1032
Convert -1011101010101001 (base 2) to base 4.
-23222221
-16bc (base 14) to base 9
-5540
What is -5265 (base 10) in base 6?
-40213
Convert -2105 (base 8) to base 7.
-3121
What is -1755 (base 8) in base 6?
-4353
What is 114 (base 12) in base 15?
aa
4140 (base 5) to base 10
545
Convert -1210 (base 7) to base 5.
-3243
441 (base 6) to base 15
b4
What is 10010100011 (base 2) in base 3?
1121222
Convert 13810 (base 11) to base 10.
19613
Convert -59d1 (base 16) to base 11.
-16303
Convert -5232 (base 6) to base 5.
-14142
What is e2b (base 16) in base 15?
111c
Convert -560 (base 8) to base 13.
-224
Convert 1216 (base 9) to base 12.
636
-13424 (base 6) to base 12
-1274
-145b (base 13) to base 16
-b85
What is -3312 (base 5) in base 13?
-292
Convert 3422 (base 5) to base 8.
747
What is -1130 (base 11) in base 4?
-113031
What is -1990 (base 14) in base 15?
-158e
-202103 (base 4) to base 13
-ccb
What is -1291 (base 12) in base 3?
-2220201
Convert -131671 (base 8) to base 13.
-17c32
What is -4d85 (base 14) in base 12?
-7a89
Convert 26357 (base 9) to base 16.
457f
What is -20200012 (base 3) in base 16?
-1301
What is -3514 (base 7) in base 11?
-a69
Convert -13024 (base 5) to base 7.
-2646
18a0 (base 14) to base 11
3388
-1042 (base 7) to base 4
-11311
Convert 130365 (base 7) to base 4.
11322030
-313312 (base 4) to base 8
-6766
Convert -3218 (base 13) to base 4.
-1230212
Convert -4245 (base 10) to base 6.
-31353
What is -94e9 (base 15) in base 5?
-2001434
Convert 18130 (base 9) to base 3.
122011000
What is -11102 (base 4) in base 7?
-662
-111100111 (base 2) to base 11
-403
-2a7 (base 12) to base 8
-637
322 (base 6) to base 10
122
What is -3111 (base 5) in base 11?
-33a
401 (base 7) to base 16
c5
5110 (base 6) to base 7
3162
What is 2652 (base 7) in base 13?
603
What is -2 (base 4) in base 3?
-2
Convert 111353 (base 7) to base 8.
46430
Convert 685 (base 12) to base 13.
593
What is 10100012 (base 4) in base 13?
7c07
1471 (base 8) to base 5
11300
-242 (base 10) to base 8
-362
Convert 1c75 (base 16) to base 3.
100222211
What is -1032 (base 4) in base 5?
-303
101112222 (base 3) to base 7
31301
What is 1022102 (base 3) in base 7?
2534
Convert 1627 (base 12) to base 8.
5077
Convert -22106 (base 10) to base 11.
-15677
What is 1543 (base 11) in base 15?
8c3
-4023 (base 6) to base 15
-3d9
-56a2 (base 14) to base 6
-153342
Convert -10100010111 (base 2) to base 8.
-2427
-2040204 (base 5) to base 7
-200361
Convert 1626 (base 8) to base 7.
2451
-904 (base 11) to base 6
-5021
Convert 9290 (base 12) to base 15.
4ad3
10002321 (base 4) to base 8
40271
-728 (base 9) to base 4
-21101
Convert 31422 (base 6) to base 5.
114022
What is 2010102 (base 4) in base 9?
12546
-101 (base 2) to base 9
-5
Convert -384 (base 13) to base 16.
-267
What is -1022212 (base 3) in base 16?
-3c8
-120112 (base 3) to base 9
-515
What is 1233 (base 9) in base 7?
2454
Convert 7bd2 (base 15) to base 12.
13275
10101000 (base 3) to base 5
34312
-12101212 (base 3) to base 5
-111223
Convert -1022220 (base 3) to base 11.
-801
Convert 3755 (base 14) to base 16.
25cf
-1210200000 (base 3) to base 15
-a7a3
-97e5 (base 16) to base 7
-221240
What is 6094 (base 11) in base 3?
102002121
12436 (base 10) to base 8
30224
What is -22022 (base 3) in base 16?
-e0
-1112321 (base 5) to base 8
-46377
What is -1242 (base 8) in base 6?
-3042
What is 1100 (base 9) in base 3?
1010000
What is -1134332 (base 5) in base 13?
-9871
3c39 (base 16) to base 11
10646
What is -42344 (base 5) in base 15?
-c9e
What is 1d7d (base 14) in base 6?
41003
Convert 5077 (base 12) to base 16.
221b
Convert -5442 (base 7) to base 13.
-b64
What is -11767 (base 10) in base 13?
-5482
Convert -201100012 (base 3) to base 14.
-51d1
Convert 1432144 (base 5) to base 15.
8e9e
Convert 2653 (base 7) to base 15.
47d
What is 2536 (base 8) in base 14?
702
What is -1303021 (base 4) in base 7?
-30325
What is 20332 (base 4) in base 13?
352
Convert 1033331 (base 5) to base 6.
215102
Convert 11231 (base 4) to base 5.
2430
What is 124 (base 7) in base 11?
61
2634 (base 8) to base 16
59c
What is 31120310 (base 4) in base 5?
3223321
What is 250a (base 14) in base 10?
6478
What is 201030 (base 6) in base 5?
1001121
What is 23121 (base 4) in base 7?
2061
-103301 (base 4) to base 5
-20030
Convert 600 (base 7) to base 13.
198
2021233 (base 4) to base 13
4021
Convert 13040 (base 7) to base 15.
1058
-3120 (base 5) to base 13
-257
-2e64 (base 15) to base 5
-304434
-105 (base 8) to base 13
-54
-ff48 (base 16) to base 15
-1456c
-236 (base 11) to base 4
-10121
Convert -174a (base 16) to base 9.
-8154
Convert 186b (base 14) to base 7.
15564
Convert -1010100001 (base 2) to base 8.
-1241
1434403 (base 6) to base 3
11012101110
Convert 658 (base 13) to base 7.
3112
2661 (base 8) to base 2
10110110001
Convert 112221212 (base 3) to base 7.
43535
Convert 48 (base 13) to base 8.
74
Convert -10002222021 (base 3) to base 4.
-32330200
Convert 736 (base 8) to base 11.
3a5
What is -102010 (base 3) in base 8?
-454
What is 1103201 (base 4) in base 3?
21022222
2552 (base 7) to base 14
4d2
What is -2a8e (base 15) in base 3?
-110112022
Convert -130023 (base 5) to base 15.
-1743
Convert -4506 (base 8) to base 12.
-145a
What is -10100110110 (base 2) in base 10?
-1334
What is 12399 (base 11) in base 4?
10111232
Convert -570 (base 10) to base 6.
-2350
Convert 982 (base 15) to base 11.
1682
Convert 111001110 (base 2) to base 12.
326
Convert -10540 (base 7) to base 14.
-d90
What is 1011110010 (base 2) in base 15?
354
What is 310301 (base 4) in base 7?
12563
-7527 (base 8) to base 16
-f57
Convert -2180 (base 9) to base 13.
-96c
-3c6 (base 13) to base 15
-2e9
What is -141 (base 11) in base 16?
-a6
100122130 (base 4) to base 9
112187
Convert 11757 (base 10) to base 12.
6979
Convert 200202 (base 3) to base 11.
420
-571 (base 13) to base 10
-937
2210011 (base 4) to base 5
314001
-1137 (base 9) to base 6
-3524
Convert 1121232 (base 4) to base 10.
5742
27d8 (base 14) to base 15
2150
What is 403 (base 6) in base 4?
2103
Convert 1424444 (base 5) to base 2.
111010100101111
Convert b95 (base 15) to base 12.
161b
1c66 (base 16) to base 11
550a
-2088 (base 13) to base 5
-121011
1541 (base 8) to base 9
1161
10220 (base 3) to base 12
89
12512 (base 8) to base 5
133300
What is 22212 (base 5) in base 8?
3025
Convert 3b1 (base 14) to base 5.
10433
6206 (base 8) to base 4
302012
What is 21233 (base 4) in base 2?
1001101111
What is -2774 (base 8) in base 10?
-1532
-11011220 (base 3) to base 4
-233220
Convert -11645 (base 8) to base 6.
-35141
What is -3224 (base 12) in base 15?
-196a
What is 4417 (base 8) in base 15?
a49
-125240 (base 6) to base 11
-8745
Convert 34141 (base 7) to base 11.
6557
Convert 11057 (base 9) to base 4.
1302232
What is -130520 (base 6) in base 3?
-121021010
2ee8 (base 16) to base 5
341013
643 (base 